-y + 3*q. What is the greatest common factor of y and 28?
14
Let l = -783 - -929. Suppose 0 = 4*v - r - 264, -5*v + 184 + l = 3*r. Suppose 5*x = 186 + 309. Calculate the greatest common divisor of v and x.
33
Let q = 264 + -259. Let a(p) = -p**3 - 17*p**2 - 7*p - 14. Let h be a(-17). Suppose q*r = -0*r + h. What is the greatest common factor of 14 and r?
7
Let v = 750 - 381. Suppose 3*c + 4*w - 58 + 15 = 0, -9 = -5*c + 9*w. What is the highest common factor of c and v?
9
Suppose -4 = o - 8. Suppose -u + o*x + 644 = 3*u, u = -3*x + 161. Suppose 0 = -3*v - 26 + u. What is the greatest common factor of 18 and v?
9
Suppose 5*g - 46*v - 261 = -48*v, -4*v + 179 = 3*g. Let k = -45 - -73. Calculate the greatest common factor of g and k.
7
Let w be (-1939)/(-3) - (-7 - (-66)/9). What is the greatest common factor of 19 and w?
19
Let f be (7/14)/(((-2)/(-240))/1). Let v = -4 + f. Calculate the greatest common factor of v and 56.
56
Let l be 4/34 + (-8003)/(-901). Suppose 222 + 183 = 5*j. Calculate the highest common divisor of j and l.
9
Let j(d) = d**2 + 2*d - 18. Let l be j(6). Let i be (306/l - 5)*5/2. Calculate the highest common factor of 13 and i.
13
Let b(m) = -818*m + 1036. Let j be b(-4). Calculate the highest common factor of j and 12.
12
Let f = -3735 + 3889. Calculate the greatest common factor of f and 189.
7
Suppose 149 + 147 = 8*y. Suppose -y*p = -46*p + 819. Let d(h) = 2*h**2 + 2*h + 1. Let x be d(2). Calculate the greatest common divisor of p and x.
13
Let f(h) = h**2 + 21*h - 74. Suppose 3*a + 74 = k, -a - 4*k + 6*k - 23 = 0. Let m be f(a). What is the greatest common factor of 286 and m?
26
Suppose -913*z - 54908 = -920*z. What is the greatest common divisor of 148 and z?
148
Let w be (2/(-3))/((-1)/150). Let h(u) = 5*u - 40*u**2 - 59 + 43*u**2 + 4*u. Let a be h(-7). Calculate the highest common factor of w and a.
25
Let z = -141 - -146. Let s be -3*(-2)/30*215. Let q = s - 28. Calculate the highest common factor of z and q.
5
Let c be (-4)/(-6)*6 - -1 - 5. Suppose c = -10*i + 1070 - 30. What is the greatest common divisor of 65 and i?
13
Let y = -115 + 172. Let h(q) = -q**3 - 14*q**2 + 77*q + 993. Let n be h(-17). Calculate the greatest common factor of y and n.
19
Let z be 6/(-9) - 47830/(-6). Suppose 14*c - 3005 = z. What is the highest common divisor of 49 and c?
49
Let f = 9567 + -9559. Suppose 2*x + 1878 = 4*q, x + 247 + 220 = q. What is the highest common divisor of q and f?
8
Let f(x) = -479*x - 2088. Let z be f(-17). Calculate the greatest common factor of 35 and z.
35
Let t(j) = 49*j + 2 - 55*j + 418*j**2 + 4. Let b be t(1). Calculate the greatest common divisor of b and 38.
38
Let c = 1242 - 1238. What is the greatest common divisor of 1468 and c?
4
Let v be (-7)/((-42)/8)*258/4. What is the highest common divisor of 5 and v?
1
Let j be -3*9/((-54)/(-8)). Let z(h) = -8*h - 5. Let k be z(j). What is the greatest common factor of 18 and k?
9
Suppose 5*r - 10 = 0, 0 = -13*s + 8*s - r + 1322. Suppose -2*y = -m + s, -3*m - y - 516 = -5*m. What is the highest common divisor of m and 16?
16
Let d = 15888 - 15886. Calculate the greatest common factor of 362 and d.
2
Suppose 140*y = 147*y - 952. Suppose 15*r - y = 13*r. Calculate the greatest common factor of 136 and r.
68
Suppose 4*q + 3*o = 2733, 77*q - 79*q - 5*o + 1363 = 0. Calculate the greatest common factor of q and 5928.
228
Let t be (-4)/10 + (-52896)/(-1140). What is the greatest common divisor of t and 27117?
23
Let v(d) = d**3 - 4*d**2 + 6*d - 4. Suppose -2*f + 2 = -12. Let x be v(f). Suppose -x + 5 = -10*w. Calculate the highest common factor of w and 36.
18
Suppose -3*n + 237 = 3*y, -5*y - 54*n + 59*n = -365. What is the greatest common factor of y and 19?
19
Let n be ((-1)/2)/((-148)/2664). Let w be -2*(-3)/27 + 6223/63. What is the highest common factor of w and n?
9
Let k be (-1)/((-3)/12) + 148/4. Let h = 559 - 518. What is the greatest common factor of h and k?
41
Let w be ((-170)/(-8))/(120/576). What is the highest common factor of w and 12?
6
Let l(w) = w**2 + w - 2. Let q be l(-5). Suppose 13*m + 30 = 3*m. Let p be (m/(-4))/(10/160). What is the greatest common divisor of q and p?
6
Suppose 4*v + 28 = 4*y, -v = -0*y + 4*y - 8. Suppose -34 = -2*o + y*z, -2*o + 2*z - 3*z + 26 = 0. What is the highest common factor of 14 and o?
14
Let n(z) = -1 - 3 - 2 - 6 - 5*z. Let l be n(-3). Let g = 21 + l. Calculate the highest common factor of 168 and g.
24
Let f = -68 + 65. Let c be (-39)/(-3*(4 + f)). Suppose 3*s = 3*v + 10 + 80, -2*s = 2*v - 44. Calculate the highest common factor of s and c.
13
Let h be 1218 - (-9)/2*(-168)/(-126). What is the greatest common factor of h and 12?
12
Let r be 4 + 18/2*(11 + 4). Suppose 99 = -2*d + r. What is the highest common divisor of 30 and d?
10
Suppose 5*m = -5*y + 1185 + 930, 2*m = y + 837. Let g = 610 - m. Calculate the greatest common divisor of 76 and g.
38
Let v(d) = -2188*d + 2. Let q be v(-1). Calculate the greatest common factor of 20 and q.
10
Let a(m) = -m**3 + 20*m**2 - 80*m - 22. Let g be a(12). What is the greatest common factor of 460 and g?
10
Let s = -23362 + 29855. Calculate the greatest common factor of 86 and s.
43
Suppose 26*f - 339*f = -538360. What is the greatest common factor of f and 387?
43
Let n = -5648 - -5699. What is the greatest common divisor of n and 663?
51
Let p = -24 - -74. Let w(t) = 9*t**2 + 42*t + 41. Let h be w(-1). Let m be 2798/h - 1/(-4). Calculate the greatest common factor of m and p.
50
Let o = 30999 + -30952. Let c = 124 - 77. Calculate the greatest common divisor of o and c.
47
Let c(m) = 3*m + 78. Let z be c(20). Suppose 10*p - 11*p - l + 158 = 0, -z = -p + 3*l. Calculate the highest common divisor of 34 and p.
17
Let i = -218 - -221. Suppose -n = -3*m - 24, -129 = -i*n - 4*m - 18. What is the highest common factor of n and 3?
3
Let i = 76 - 71. Let o be 15/i + (-1 + 16 - 2). Let l = -57 - -81. Calculate the highest common divisor of l and o.
8
Let y be 3 - -1*(287 - 3). Suppose 51*u + 4*w = 55*u - 76, -4*u + 5*w + 81 = 0. What is the greatest common divisor of y and u?
7
Let q be (-430)/(-80) - 3/8. Suppose -3371 - 1204 = -q*b. What is the greatest common factor of b and 15?
15
Suppose -33*q + 14 = -26*q. Suppose -q*u + 38 = -0*u + 4*y, -77 = -3*u - 2*y. What is the highest common divisor of u and 319?
29
Let i be 2/4 + 4389/(-42). Let b be 24*18/(-4)*i/39. What is the highest common factor of 12 and b?
12
Let y = -13 - -19. Suppose -136*c - 1159 = -903*c - 392*c. Calculate the greatest common divisor of y and c.
1
Let p = 11 - -114. Suppose -4*n = -463 - p. Let q = 243 - n. What is the highest common factor of q and 24?
24
Let a be 2/(-3) - (-15)/((-45)/(-38)). Suppose 18 + 558 = a*v. What is the highest common factor of v and 264?
24
Let f(d) be the first derivative of d**4/4 - 4*d**3/3 + d**2/2 - 68. Let u be f(4). What is the highest common factor of 236 and u?
4
Let h(k) = k**2 + k + 3. Suppose -r + 1 = -5*u, 3*u + 5 + 0 = 5*r. Let z be h(u). What is the highest common factor of 21 and z?
3
Suppose -8*g - 400 = 12*g. Let l(b) = -12*b + 84. Let o be l(g). What is the highest common factor of 72 and o?
36
Let q be 369/7 - (2/(-6))/(14/12). What is the highest common divisor of 1696 and q?
53
Let u = -84 - -83. Let p be (-4)/(-1) + (u - -1). Suppose -4*s + 0*g = -g - 55, -10 = -s + p*g. What is the highest common divisor of s and 56?
14
Let k(y) = -7*y - 50. Let x be k(-15). Let b be 121/1*(-1 + -4)/(-1). What is the highest common factor of x and b?
55
Let q be (56/(-112))/(2/(-1184)). Suppose 0 = 5*l - q - 34. Suppose h - 5*i - 34 = 0, 2*h + 2*i - 5*i = 82. What is the greatest common factor of h and l?
22
Let l(k) = 13*k**2 + k - 3. Let w be l(1). Suppose -891 = -0*x - w*x. Let t be 8/6*54/4. What is the greatest common factor of t and x?
9
Suppose -2*x - 2*x + 14 = -2*f, -f + 8 = x. Let v(z) = z**3 + 4*z**2 + 5*z + 4. Let y be v(-2). What is the highest common divisor of y and x?
1
Let i be 31 - 0 - 2 - 0. Suppose 0 = -0*g + 47*g - 1363. Calculate the greatest common divisor of g and i.
29
Suppose 18 = 12*h - 174. Let z be ((-56)/42)/((-4)/6). Calculate the greatest common divisor of h and z.
2
Let u = 276 - -285. Suppose -5*f = -2*f - u. Let s = 13 + f. Calculate the grea